(g). Determine u(-5).
3
Let i(o) = -o**3 - 4*o**2 - o - 2. Let w(u) = -u - 12. Let k be w(-9). What is i(k)?
-8
Let o be 48/(-30)*5/(-2). Let m(x) = -x**2 + 2*x + 5. Determine m(o).
-3
Let p(z) = -3*z + 4*z + 49 - 48. Let y(x) = 3*x + 1. Let r(n) = 2*p(n) - y(n). Suppose -f + 2*f = 2*o - 2, -4*o + 10 = -f. Give r(f).
-5
Let f(h) = h**3 + 5*h**2 - 2. Suppose 3*q = 4*o - 15, -3 = -3*q - 2*o - 18. Calculate f(q).
-2
Let d(u) be the third derivative of u**4/12 + 7*u**3/6 - u**2. Let s(j) = 2*j + 7. Let m(z) = 7*d(z) - 6*s(z). Let t(o) = o + 1. Let n be t(-6). Give m(n).
-3
Let z(b) = -b**3 + 3*b**2 + 2*b + 3. Let j be z(4). Let m be (j/(-2))/(1/2). Let q(h) = -39 - h + 91 - 42. Give q(m).
5
Suppose -h = -5*h + 3*x + 33, -2*x = 5*h - 24. Let j(t) = -t**2 + 6*t. Determine j(h).
0
Suppose -4*t + 5 = -3*t. Let s(v) = 2*v**2 + 6 + 2 + 3*v + v**3 - t. Give s(-2).
-3
Let n(t) = -3*t**3 + 6*t**2 - 6*t. Let b(z) = -z**3 + z**2 - z - 1. Let u(i) = 4*b(i) - n(i). Let f = 0 - 3. Calculate u(f).
-1
Let v(u) = -2*u - 1. Let g(w) be the first derivative of w**2/2 - w + 2. Let k be g(2). Determine v(k).
-3
Let i(j) = -j + 6. Let n be (-2)/(-8) - 186/(-24). Let w(l) = -l**3 + 8*l**2 + 5. Let o be w(n). Let y be (3 - (1 + o)) + 8. What is i(y)?
1
Let v(p) = 5*p - 2 + p + p**2 - 4*p. Suppose -2*t - 12 = 2*t. Let y be 2/(((-8)/t)/(-4)). Give v(y).
1
Let c(l) = l**2 + 4*l - 7. Let t be (-99)/(-44)*(-16)/6. What is c(t)?
5
Let i(q) = -q**2 + 7*q + 10. Let l be i(8). Let r(a) be the first derivative of 2*a**3 + 1/2*a**l - 1 - a. Determine r(1).
6
Suppose 2*l = 5*x - 5, -3*l - 2*l = 4*x + 29. Suppose -4*k + 5*h = 5 - 2, -3*k = 4*h - 21. Let v(f) = 0*f - 4*f - 3 + k. What is v(x)?
4
Let w(t) = -102*t**2 + 107*t**2 + 0 + t**3 + 3 - 5*t. Give w(-6).
-3
Let v(t) = 61*t + 6 + 61*t - 118*t. Calculate v(-4).
-10
Let s(m) = 137*m + 3 - m**2 - 143*m + 1. What is s(-6)?
4
Let b(r) be the first derivative of r**2/2 - 6*r - 6. Calculate b(4).
-2
Let w(a) = 24*a + 1. Let f(x) = -x**2 - x + 19. Let d be f(4). Give w(d).
-23
Let j(n) = -4*n - 2. Let h(v) = 5*v + 3. Let p(o) = -2*h(o) - 3*j(o). What is p(-2)?
-4
Let h(k) = k**3 + k**2 + 2*k + 3. Let u = -3 + -1. Let l = -10 - -12. Let x = l + u. Determine h(x).
-5
Let s be -1 - 1/(-3) - 342/54. Let g(w) = w + 6. Calculate g(s).
-1
Let z(k) = k**2 - 4. Suppose 7*n - 4*n - 72 = 0. Suppose 5*x - 3*v = 6, 4*x + 2*v + 2*v - n = 0. Calculate z(x).
5
Let v(s) = -s - 4. Let m be v(-5). Let d be (m + -4)/((-12)/8). Let a(n) = 6*n**2 - n**d + 3*n - 6*n**2. What is a(5)?
-10
Let k(f) be the second derivative of f**3/6 - f**2 + 3*f + 9. Determine k(-2).
-4
Let h(y) = -8*y - 1. Let k = 51 + -53. What is h(k)?
15
Let a = 1 - 2. Let x(g) = -7*g + 6. Let z(v) = -13*v + 11. Let s(w) = -11*x(w) + 6*z(w). What is s(a)?
1
Let z(u) = -u - 1. Suppose -2*p - 4 - 3 = 5*j, -2*j = p + 2. Determine z(j).
2
Let x(o) = -o**3 + 3*o**2 - 3*o - 3. Let j(l) = l**3 - l**2 + l + 1. Let c = -10 + 28. Let t be c/14 + 4/(-14). Let w(n) = t*x(n) + 4*j(n). Give w(-1).
-4
Let i(m) = -m**3 + 10*m**2 - 4. Let x(d) = 3*d**2 + 8*d - 6. Let b be x(-4). What is i(b)?
-4
Suppose 4*z = k + 24, 0 = 2*z - k + 4 - 18. Let j(r) = -r**3 + 5*r**2 - 3*r + 3. Determine j(z).
-12
Let u(s) = 2*s. Suppose 42 = 4*i - i. Suppose -n + i = 3*l, l - 5 - 5 = 5*n. What is u(n)?
-2
Let n(o) = -o**2 + 7*o - 1. Let s(m) = -2*m + 5. Let r be s(-1). What is n(r)?
-1
Let n(w) = w**3 + w**2 + 6*w + 1. Let y(m) = -m**3 - m**2 - m + 1. Let j(u) = n(u) + 2*y(u). Calculate j(-2).
-1
Let n(u) = u**3 - u**2. Let m(q) = 6*q**2 - q - 7. Let x(a) = m(a) + n(a). What is x(-5)?
-2
Let u(t) = -t**3 - 5*t**2 - 7. Let x be u(-5). Let c(d) = -3*d**2 - 7. Let v(g) = 5*g**2 + 13. Let o(p) = x*c(p) - 4*v(p). What is o(-3)?
6
Let w(o) = -o - 3. Suppose 2*z = -4*x + 2 - 12, 3*z + 3*x + 15 = 0. Calculate w(z).
2
Let j(m) = -m**3 + m**2 + 2*m + 2. Let r be (2 - 0)*((-180)/8)/(-15). Give j(r).
-10
Let j(f) = f - 1 + 4*f**3 + f**3 - 4*f**3 + f**2. Let z be (-3)/(4 + -1)*0. Suppose z = -0*s + 3*s - 3. What is j(s)?
2
Let c(i) = 86*i**2 + 9*i - 87*i**2 + 5 + 1. Determine c(7).
20
Suppose -8*l + 2*l = 12. Let f(g) = g**3 + 2*g**2 - g - 2. Determine f(l).
0
Let f = 4 + 1. Let m(r) = -r**2 + 4*r. What is m(f)?
-5
Let p(l) = 9*l - 13. Let q(d) = -5*d + 7. Let z(m) = -6*p(m) - 11*q(m). Calculate z(-1).
0
Let c be (-2)/9 + 4/18. Let a = 1 + c. Suppose 2*v - 11 = 4*i - a, 2*i + 4*v = -10. Let w(t) = -t**3 - 3*t**2 + 2*t + 2. Give w(i).
-4
Let o(m) = -7*m**3 + 2*m**2 - m + 5. Let a(k) = -k**3 + k**2 - k + 1. Let c(r) = -6*a(r) + o(r). Calculate c(-5).
-1
Let r = 4 - 8. Let q be 676/36 - r/18. Suppose 5*x - 1 - q = 0. Let i(f) = -f**2 + 5*f - 5. Calculate i(x).
-1
Suppose 5*h - 20 = -5*s, -2*h - h = 0. Let r(a) be the second derivative of a**3/6 - 3*a**2/2 - 2*a. Give r(s).
1
Let k(s) = -s**3 + 4*s**2 + s. Let l(r) = 2*r**3 - 8*r**2 - 3*r. Let u(j) = 5*k(j) + 2*l(j). Let b be u(4). Let o(x) = x**2 + 4*x + 6. Determine o(b).
6
Suppose 5*w = 2*v - 0*v + 29, -4*w + 14 = 3*v. Let g = 7 + v. Suppose g + 3 = -2*q. Let r(x) = x**2 + 4*x + 6. What is r(q)?
6
Let j(m) = 2*m**2. Let t(p) = p**3 - 2*p**2 + p. Suppose -6 = -3*x + 2*c - c, 5*c = 0. Let w be t(x). Give j(w).
8
Let k(g) = g - 2. Suppose 8*i - 10*i = 6. Calculate k(i).
-5
Let k(g) = -g**3 + 6*g**2 - 3. Let z be k(6). Let c be 1 - 2/(-6)*z. Suppose 4*r = -0*r + 4, 5*q - 4*r + 24 = c. Let j(p) = 2*p**2 + 7*p + 4. Give j(q).
8
Let j be (-7)/(-14) - 21/(-6). Let c(s) = 2*s. What is c(j)?
8
Let n(c) = c**3 + c**2 - 2*c. Let y(z) = -2*z**3 + 3*z**2 + 10*z. Let g(p) = 3*n(p) + y(p). Suppose -2*l = 7 - 1. Determine g(l).
15
Let t(r) = -r**2 + 7*r - 9. Let y be t(6). Let x(o) be the second derivative of -o**5/20 - o**4/3 - 2*o**3/3 + o**2/2 - 3*o. Calculate x(y).
4
Let g(h) = h**2 + 2*h + 2. Let k be g(-2). Suppose 4*a = -3*j + 18, -4*a - 2 = -14. Let w(z) = k*z - j - 2*z + z. What is w(3)?
1
Let t = 0 + 6. Let g(o) = -18*o - 11. Let f(k) = -25*k - 17. Let n(z) = -5*f(z) + 7*g(z). What is n(t)?
2
Suppose -2*b + 5*b = 0. Suppose 1 = -j + 4*q, 4*q + 19 = -3*j - b*q. Let v(t) be the first derivative of t**2/2 + 11*t + 2. Determine v(j).
6
Suppose -z = 2*z - 3. Let t = 2 + 2. Let x(l) = -3*l**3 + 4*l**2 + l - 4. Let q(j) = j**3 + 1. Let p(v) = t*q(v) + z*x(v). Give p(-4).
-4
Suppose -3*h + 33 = 4*b, 0 = 4*b - 7*b + 3*h + 9. Suppose 0 = b*g - 6. Let a(z) = 12*z**3 + 2*z**2 - 1. Calculate a(g).
13
Let a(m) = m**2 - 1 + 0*m**2 - 2. Suppose -3*r + 16 = 4*k - 6*r, 2*k - 5*r = 22. Suppose -5*d + k + 14 = 3*j, 5*j = 3*d + 25. Give a(d).
-3
Let f(z) be the second derivative of -z**3/2 - z**2/2 + 9*z. Determine f(1).
-4
Suppose 30 = 6*b - 11*b. Let j(q) = -3*q - 9. Determine j(b).
9
Let i(b) = -b**3 + 11*b**2 - 4*b + 2. Let a(n) = n**3 - 12*n**2 + 5*n - 3. Let g(c) = -5*a(c) - 6*i(c). Let z(s) = s. Let f be z(6). Calculate g(f).
-3
Let z = 14 - 11. Let i(k) = z + 7*k + 2 - 9*k + k. Determine i(0).
5
Let g(b) = b**3 + b**2 - 4*b - 3. Let q be g(-3). Let n be ((-4)/(-6))/(6/q). Let r(i) = 0*i - 4*i + 2*i - 1. What is r(n)?
1
Let q = 4 + -8. Let x(r) = r**2 + 2*r - 3. Calculate x(q).
5
Suppose 2*k - 13 = -5*f - k, 0 = -3*f - 5*k + 11. Let v(p) = -p**2 - 3*p + 6. Let g be v(f). Let q(u) = u - 1. Give q(g).
-5
Suppose -10 = -2*m + 4*p + 18, 54 = 5*m - 2*p. Let f(t) = -t**3 + 11*t**2 - 11*t + 8. Give f(m).
-2
Suppose 4*z = 2*m - m + 18, 0 = -m - 5*z + 9. Let c(y) = -y + 3. Determine c(m).
9
Let d(u) = -u**2 + 5*u - 8. Let l(w) = w**2 - 5*w + 9. Let t(i) = -7*d(i) - 6*l(i). Give t(4).
-2
Let v = 7 - 0. Let f(n) = 2 + 5*n**2 + 3*n**2 - v*n**2 - 3*n. Suppose 36 = 4*m + 5*c, 6*c = 2*m + 3*c + 4. Calculate f(m).
6
Suppose -6*b = -8*b + 4. Let q(g) be the second derivative of 5*g**3/3 - g**2 + g. Let s(d) = -5*d + 1. Let h(l) = -4*q(l) - 7*s(l). Calculate h(b).
-9
Let y(x) = -15 + 4*x**2 + 3*x + 4*x + 4*x. Let q(h) = -3*h**2 - 7*h + 10. Let z(i) = -i**3 + 4*i**2 - 2. Let t be z(3). Let s(c) = t*q(c) + 5*y(c). Give s(5).
0
Let q(w) = 7*w + 4 - 12*w + 0*w + 7*w. Let a(m) = m**3 - 6*m**2 - 8*m + 10. Let c be a(7). What is q(c)?
10
Let y(c) = -12*c + 11*c - 51 + 52. Suppose 4 = 2*r - 3*r. What is y(r)?
5
Let z = -20 - -13. Let o(j) = 16 - 12 + 6*j**2 + j - 3*j**2. Let s(r) = -5*r**2 - r - 8. Let p(d) = z*o(d) - 4*s(d). Give 